{"id":90,"date":"2023-02-20T12:00:40","date_gmt":"2023-02-20T11:00:40","guid":{"rendered":"https:\/\/fatahungary.hu\/foundation\/"},"modified":"2023-03-03T13:12:37","modified_gmt":"2023-03-03T12:12:37","slug":"foundation","status":"publish","type":"page","link":"https:\/\/fatahungary.hu\/en\/foundation\/","title":{"rendered":"Foundation"},"content":{"rendered":"\n<p>In order to promote the development of the timber industry and cooperation, the Foundation must plan its commitments and priorities from year to year, bearing in mind its fundamental objectives and considering the needs, professional expectations and opportunities for applications. Greater emphasis should be placed on more active cooperation within the sector and in the cross-border region by expanding contacts. <\/p>\n\n\n\n<p>Successful programme-based, task-centred implementations are inconceivable without the cooperation and strategic alliance of higher education institutions, professional organisations and the business sector. The continuous interaction between these three entities is also strengthened by the representative composition of the Foundation&#8217;s governing body (Board of Trustees), as the University of West Hungary and the business representation are represented by professionals from all professional associations according to their company profile. <\/p>\n\n\n\n<p>The programmes undertaken and jointly implemented will also foster the development of a cooperative, strategic alliance between the university, professional organisations and industry players. It will lay the foundations for launching programmes on an increasingly larger scale in the future. <\/p>\n","protected":false},"excerpt":{"rendered":"<p>In order to promote the development of the timber industry and cooperation,&#8230;<\/p>\n","protected":false},"author":1,"featured_media":0,"parent":0,"menu_order":0,"comment_status":"closed","ping_status":"closed","template":"template-alapitvanyunk.php","meta":{"inline_featured_image":false,"footnotes":""},"class_list":["post-90","page","type-page","status-publish","hentry"],"yoast_head":"<!-- This site is optimized with the Yoast SEO plugin v24.7 - https:\/\/yoast.com\/wordpress\/plugins\/seo\/ -->\n<title>Foundation - Faipari Tudom\u00e1nyos Alap\u00edtv\u00e1ny<\/title>\n<meta name=\"robots\" content=\"index, follow, max-snippet:-1, max-image-preview:large, max-video-preview:-1\" \/>\n<link rel=\"canonical\" href=\"https:\/\/fatahungary.hu\/en\/foundation\/\" \/>\n<meta property=\"og:locale\" content=\"en_US\" \/>\n<meta property=\"og:type\" content=\"article\" \/>\n<meta property=\"og:title\" content=\"Foundation - Faipari Tudom\u00e1nyos Alap\u00edtv\u00e1ny\" \/>\n<meta property=\"og:description\" content=\"In order to promote the development of the timber industry and cooperation,...\" \/>\n<meta property=\"og:url\" content=\"https:\/\/fatahungary.hu\/en\/foundation\/\" \/>\n<meta property=\"og:site_name\" content=\"Faipari Tudom\u00e1nyos Alap\u00edtv\u00e1ny\" \/>\n<meta property=\"article:modified_time\" content=\"2023-03-03T12:12:37+00:00\" \/>\n<meta name=\"twitter:card\" content=\"summary_large_image\" \/>\n<meta name=\"twitter:label1\" content=\"Est. reading time\" \/>\n\t<meta name=\"twitter:data1\" content=\"1 minute\" \/>\n<script type=\"application\/ld+json\" class=\"yoast-schema-graph\">{\"@context\":\"https:\/\/schema.org\",\"@graph\":[{\"@type\":\"WebPage\",\"@id\":\"https:\/\/fatahungary.hu\/en\/foundation\/\",\"url\":\"https:\/\/fatahungary.hu\/en\/foundation\/\",\"name\":\"Foundation - Faipari Tudom\u00e1nyos Alap\u00edtv\u00e1ny\",\"isPartOf\":{\"@id\":\"https:\/\/fatahungary.hu\/#website\"},\"datePublished\":\"2023-02-20T11:00:40+00:00\",\"dateModified\":\"2023-03-03T12:12:37+00:00\",\"breadcrumb\":{\"@id\":\"https:\/\/fatahungary.hu\/en\/foundation\/#breadcrumb\"},\"inLanguage\":\"en-US\",\"potentialAction\":[{\"@type\":\"ReadAction\",\"target\":[\"https:\/\/fatahungary.hu\/en\/foundation\/\"]}]},{\"@type\":\"BreadcrumbList\",\"@id\":\"https:\/\/fatahungary.hu\/en\/foundation\/#breadcrumb\",\"itemListElement\":[{\"@type\":\"ListItem\",\"position\":1,\"name\":\"Kezd\u0151lap\",\"item\":\"https:\/\/fatahungary.hu\/en\/\"},{\"@type\":\"ListItem\",\"position\":2,\"name\":\"Foundation\"}]},{\"@type\":\"WebSite\",\"@id\":\"https:\/\/fatahungary.hu\/#website\",\"url\":\"https:\/\/fatahungary.hu\/\",\"name\":\"Faipari Tudom\u00e1nyos Alap\u00edtv\u00e1ny\",\"description\":\"\",\"publisher\":{\"@id\":\"https:\/\/fatahungary.hu\/#organization\"},\"alternateName\":\"FATA\",\"potentialAction\":[{\"@type\":\"SearchAction\",\"target\":{\"@type\":\"EntryPoint\",\"urlTemplate\":\"https:\/\/fatahungary.hu\/?s={search_term_string}\"},\"query-input\":{\"@type\":\"PropertyValueSpecification\",\"valueRequired\":true,\"valueName\":\"search_term_string\"}}],\"inLanguage\":\"en-US\"},{\"@type\":\"Organization\",\"@id\":\"https:\/\/fatahungary.hu\/#organization\",\"name\":\"Faipari Tudom\u00e1nyos Alap\u00edtv\u00e1ny\",\"alternateName\":\"FATA\",\"url\":\"https:\/\/fatahungary.hu\/\",\"logo\":{\"@type\":\"ImageObject\",\"inLanguage\":\"en-US\",\"@id\":\"https:\/\/fatahungary.hu\/#\/schema\/logo\/image\/\",\"url\":\"https:\/\/fatahungary.hu\/wp-content\/uploads\/2023\/02\/fata_logo_color-1.svg\",\"contentUrl\":\"https:\/\/fatahungary.hu\/wp-content\/uploads\/2023\/02\/fata_logo_color-1.svg\",\"caption\":\"Faipari Tudom\u00e1nyos Alap\u00edtv\u00e1ny\"},\"image\":{\"@id\":\"https:\/\/fatahungary.hu\/#\/schema\/logo\/image\/\"}}]}<\/script>\n<!-- \/ Yoast SEO plugin. -->","yoast_head_json":{"title":"Foundation - Faipari Tudom\u00e1nyos Alap\u00edtv\u00e1ny","robots":{"index":"index","follow":"follow","max-snippet":"max-snippet:-1","max-image-preview":"max-image-preview:large","max-video-preview":"max-video-preview:-1"},"canonical":"https:\/\/fatahungary.hu\/en\/foundation\/","og_locale":"en_US","og_type":"article","og_title":"Foundation - Faipari Tudom\u00e1nyos Alap\u00edtv\u00e1ny","og_description":"In order to promote the development of the timber industry and cooperation,...","og_url":"https:\/\/fatahungary.hu\/en\/foundation\/","og_site_name":"Faipari Tudom\u00e1nyos Alap\u00edtv\u00e1ny","article_modified_time":"2023-03-03T12:12:37+00:00","twitter_card":"summary_large_image","twitter_misc":{"Est. reading time":"1 minute"},"schema":{"@context":"https:\/\/schema.org","@graph":[{"@type":"WebPage","@id":"https:\/\/fatahungary.hu\/en\/foundation\/","url":"https:\/\/fatahungary.hu\/en\/foundation\/","name":"Foundation - Faipari Tudom\u00e1nyos Alap\u00edtv\u00e1ny","isPartOf":{"@id":"https:\/\/fatahungary.hu\/#website"},"datePublished":"2023-02-20T11:00:40+00:00","dateModified":"2023-03-03T12:12:37+00:00","breadcrumb":{"@id":"https:\/\/fatahungary.hu\/en\/foundation\/#breadcrumb"},"inLanguage":"en-US","potentialAction":[{"@type":"ReadAction","target":["https:\/\/fatahungary.hu\/en\/foundation\/"]}]},{"@type":"BreadcrumbList","@id":"https:\/\/fatahungary.hu\/en\/foundation\/#breadcrumb","itemListElement":[{"@type":"ListItem","position":1,"name":"Kezd\u0151lap","item":"https:\/\/fatahungary.hu\/en\/"},{"@type":"ListItem","position":2,"name":"Foundation"}]},{"@type":"WebSite","@id":"https:\/\/fatahungary.hu\/#website","url":"https:\/\/fatahungary.hu\/","name":"Faipari Tudom\u00e1nyos Alap\u00edtv\u00e1ny","description":"","publisher":{"@id":"https:\/\/fatahungary.hu\/#organization"},"alternateName":"FATA","potentialAction":[{"@type":"SearchAction","target":{"@type":"EntryPoint","urlTemplate":"https:\/\/fatahungary.hu\/?s={search_term_string}"},"query-input":{"@type":"PropertyValueSpecification","valueRequired":true,"valueName":"search_term_string"}}],"inLanguage":"en-US"},{"@type":"Organization","@id":"https:\/\/fatahungary.hu\/#organization","name":"Faipari Tudom\u00e1nyos Alap\u00edtv\u00e1ny","alternateName":"FATA","url":"https:\/\/fatahungary.hu\/","logo":{"@type":"ImageObject","inLanguage":"en-US","@id":"https:\/\/fatahungary.hu\/#\/schema\/logo\/image\/","url":"https:\/\/fatahungary.hu\/wp-content\/uploads\/2023\/02\/fata_logo_color-1.svg","contentUrl":"https:\/\/fatahungary.hu\/wp-content\/uploads\/2023\/02\/fata_logo_color-1.svg","caption":"Faipari Tudom\u00e1nyos Alap\u00edtv\u00e1ny"},"image":{"@id":"https:\/\/fatahungary.hu\/#\/schema\/logo\/image\/"}}]}},"_links":{"self":[{"href":"https:\/\/fatahungary.hu\/en\/wp-json\/wp\/v2\/pages\/90","targetHints":{"allow":["GET"]}}],"collection":[{"href":"https:\/\/fatahungary.hu\/en\/wp-json\/wp\/v2\/pages"}],"about":[{"href":"https:\/\/fatahungary.hu\/en\/wp-json\/wp\/v2\/types\/page"}],"author":[{"embeddable":true,"href":"https:\/\/fatahungary.hu\/en\/wp-json\/wp\/v2\/users\/1"}],"replies":[{"embeddable":true,"href":"https:\/\/fatahungary.hu\/en\/wp-json\/wp\/v2\/comments?post=90"}],"version-history":[{"count":8,"href":"https:\/\/fatahungary.hu\/en\/wp-json\/wp\/v2\/pages\/90\/revisions"}],"predecessor-version":[{"id":98,"href":"https:\/\/fatahungary.hu\/en\/wp-json\/wp\/v2\/pages\/90\/revisions\/98"}],"wp:attachment":[{"href":"https:\/\/fatahungary.hu\/en\/wp-json\/wp\/v2\/media?parent=90"}],"curies":[{"name":"wp","href":"https:\/\/api.w.org\/{rel}","templated":true}]}}

<!-- This site is optimized with the Yoast SEO plugin v24.7 - https://yoast.com/wordpress/plugins/seo/ -->
<title>Foundation - Faipari Tudományos Alapítvány</title>
<meta name="robots" content="index, follow, max-snippet:-1, max-image-preview:large, max-video-preview:-1" />
<link rel="canonical" href="https://fatahungary.hu/en/foundation/" />
<meta property="og:locale" content="en_US" />
<meta property="og:type" content="article" />
<meta property="og:title" content="Foundation - Faipari Tudományos Alapítvány" />
<meta property="og:description" content="In order to promote the development of the timber industry and cooperation,..." />
<meta property="og:url" content="https://fatahungary.hu/en/foundation/" />
<meta property="og:site_name" content="Faipari Tudományos Alapítvány" />
<meta property="article:modified_time" content="2023-03-03T12:12:37+00:00" />
<meta name="twitter:card" content="summary_large_image" />
<meta name="twitter:label1" content="Est. reading time" />
	<meta name="twitter:data1" content="1 minute" />
<script type="application/ld+json" class="yoast-schema-graph">{"@context":"https://schema.org","@graph":[{"@type":"WebPage","@id":"https://fatahungary.hu/en/foundation/","url":"https://fatahungary.hu/en/foundation/","name":"Foundation - Faipari Tudományos Alapítvány","isPartOf":{"@id":"https://fatahungary.hu/#website"},"datePublished":"2023-02-20T11:00:40+00:00","dateModified":"2023-03-03T12:12:37+00:00","breadcrumb":{"@id":"https://fatahungary.hu/en/foundation/#breadcrumb"},"inLanguage":"en-US","potentialAction":[{"@type":"ReadAction","target":["https://fatahungary.hu/en/foundation/"]}]},{"@type":"BreadcrumbList","@id":"https://fatahungary.hu/en/foundation/#breadcrumb","itemListElement":[{"@type":"ListItem","position":1,"name":"Kezdőlap","item":"https://fatahungary.hu/en/"},{"@type":"ListItem","position":2,"name":"Foundation"}]},{"@type":"WebSite","@id":"https://fatahungary.hu/#website","url":"https://fatahungary.hu/","name":"Faipari Tudományos Alapítvány","description":"","publisher":{"@id":"https://fatahungary.hu/#organization"},"alternateName":"FATA","potentialAction":[{"@type":"SearchAction","target":{"@type":"EntryPoint","urlTemplate":"https://fatahungary.hu/?s={search_term_string}"},"query-input":{"@type":"PropertyValueSpecification","valueRequired":true,"valueName":"search_term_string"}}],"inLanguage":"en-US"},{"@type":"Organization","@id":"https://fatahungary.hu/#organization","name":"Faipari Tudományos Alapítvány","alternateName":"FATA","url":"https://fatahungary.hu/","logo":{"@type":"ImageObject","inLanguage":"en-US","@id":"https://fatahungary.hu/#/schema/logo/image/","url":"https://fatahungary.hu/wp-content/uploads/2023/02/fata_logo_color-1.svg","contentUrl":"https://fatahungary.hu/wp-content/uploads/2023/02/fata_logo_color-1.svg","caption":"Faipari Tudományos Alapítvány"},"image":{"@id":"https://fatahungary.hu/#/schema/logo/image/"}}]}</script>
<!-- / Yoast SEO plugin. -->

Foundation - Faipari Tudományos Alapítvány

Faipari Tudományos Alapítvány

Kezdőlap
